h = 4977 - 4230. List the prime factors of h.
3, 83
List the prime factors of (33*1)/(133/7448).
2, 3, 7, 11
Let t(l) = -5*l**3 - 38*l**2 + 25*l - 49. Let q(z) = 4*z**3 + 37*z**2 - 27*z + 52. Let j(f) = 6*q(f) + 5*t(f). What are the prime factors of j(30)?
757
Suppose 61*m - 45*m + 129892 = 4*o, -2*m - 14 = 0. List the prime factors of o.
3, 5, 7, 103
Suppose -185 = 3*b + 4*n - 475, 3*b = -3*n + 285. Suppose 3*x + b = 2988. List the prime factors of x.
2, 3, 7, 23
Let n(q) = -2*q**3 + 133*q**2 - 185*q + 196. List the prime factors of n(65).
2, 3, 47
Suppose -115 = -5*m + 305. Let u(g) = 2*g - 47. Let r be u(5). Let y = m + r. List the prime factors of y.
47
Let a(c) = c**2 - 7*c + 4. Let o be a(7). Suppose -229 = -2*d - 3*y, -y - 266 - 227 = -o*d. What are the prime factors of d?
2, 61
Let h be (-4)/48*-4 - (-34)/6. Let w be (-6*3/6)/(h/(-944)). Suppose 0 = 2*n - 3*v - 181, -3*v - w = -5*n - 2*v. What are the prime factors of n?
5, 19
Let j = 0 - 2. Let a(m) = -7*m**2 - 11*m + 2. Let h(i) = 2*i - 1. Let t(w) = -a(w) - 3*h(w). List the prime factors of t(j).
19
Let m = -64 + 66. Suppose o - 82 = 4*r, -m*o + 5 = 1. List the prime factors of (-1564)/r + 4/(-20).
2, 3, 13
What are the prime factors of (7/((-119)/(-48892)))/(1 - -1)?
2, 719
Suppose 0 = -4*c + c + 2*r + 47, 3*r + 51 = 3*c. Let u(h) = -h**3 + 14*h**2 - h - 47. List the prime factors of u(c).
109
Suppose -6*x + 38*x - 35137 - 166239 = 0. List the prime factors of x.
7, 29, 31
Let o = -215 + 219. Suppose 0 = 3*g - 301 + o. List the prime factors of g.
3, 11
Let h(i) = -i + 1. Let v be h(-2). Let z(t) = 9 + 3*t + 29*t - 36*t + 26*t. List the prime factors of z(v).
3, 5
Let k(c) = 14*c**2 + 26*c + 112. Let w(q) = 35*q + 100. Let n be w(-3). What are the prime factors of k(n)?
2, 83
Let y be (114/24)/(4/16). Let a(m) = -y*m - 34*m + 30 - 20. What are the prime factors of a(-2)?
2, 29
Suppose 0*w = -4*w. Suppose w = 14*i - 8*i + 30. What are the prime factors of (i/(-5))/(-1)*-71?
71
Suppose -3*j = -l - 102, 5*j = -2*l + 41 + 118. Let v be (-4)/8 - j/(-6). What are the prime factors of (9/v)/((5 + -11)/(-30))?
3
Let j(r) = 2*r**2 + r - 10. Let i be j(-4). Suppose 17*n + 750 = i*n. Let w = -478 + n. List the prime factors of w.
2, 17
Suppose 0 = 23*f - 27*f + 14596. List the prime factors of f.
41, 89
Let i = 20 + 2. Let h = -29 + i. What are the prime factors of (2 - 5) + h/(21/(-369))?
2, 3, 5
Suppose -4*i - 5*g = 2, -13*i + 16*i + 3*g = 0. Suppose 2835 = i*u - 1301. Suppose 11*z + 0*z - u = 0. List the prime factors of z.
2, 47
Let m(q) = -46*q - 274. Let g be m(-6). Suppose -5*i = -38*u + 36*u + 2121, g*i = -6. List the prime factors of u.
3, 13
Let u be -11 + 363/55 - (-6)/(-10). List the prime factors of 302/((9 - 3) + u).
2, 151
Let b(s) = 6*s**3 - 13*s**2 + 4*s - 6. Let r = 335 - 330. What are the prime factors of b(r)?
439
Let u(g) = 6*g**3 + g**2 + 65*g - 651. List the prime factors of u(11).
8171
Let u be (-18)/(-15) - 43485/(-325). Let z(g) = 31*g**2 + 2*g + 3. Let x be z(3). Let k = x - u. List the prime factors of k.
3, 17
Suppose -4429 = -6*g - 1693. Let n = g - -79. What are the prime factors of n?
5, 107
Let y = -266 + 269. Suppose 0 = 5*m - y*p - 2557, -3*p - 5 + 8 = 0. What are the prime factors of m?
2
Suppose -39 = -3*f - 24. Let t(s) = s**3 - 8*s**2 + 3*s + 1. Let u be t(f). What are the prime factors of (1 - u) + 3/3?
61
List the prime factors of (-1426)/115 - -12 - (174002/(-5) + -1).
13, 2677
Suppose -8*l = -21*l + 27664. Let z = -1003 + l. What are the prime factors of z?
3, 5
Let j be (-6 + 6)/((-3)/6*-2). Suppose 3*i + 0*i - 1788 = j. What are the prime factors of i?
2, 149
Let u = 20896 + -14371. What are the prime factors of u?
3, 5, 29
Let d = 642 + -1014. Suppose -221 = v - 790. Let l = v + d. What are the prime factors of l?
197
Suppose -3*m + 8 = -2*p, -2 = -4*p + 4*m - 10. Let r be -2 + -1 + 76 + (p - 2). Let v = r - -19. What are the prime factors of v?
2, 23
Let t = -8438 - -15205. What are the prime factors of t?
67, 101
Let s be 358/(-6) + (-10)/30. Let z = -110 - s. What are the prime factors of ((-5)/(z/(-248)))/(2/(-5))?
2, 31
Let u = -4684 - -6700. List the prime factors of u.
2, 3, 7
Let a be (14/(-42))/(2/(-24)). Suppose a*z = -5*x - 29, -6 = -4*z - 4*x + 6*x. List the prime factors of (1*z)/(1/((-116)/2)).
2, 29
List the prime factors of -7 + 41446 + ((-4)/(-34) - 6351/1241).
2, 20717
Suppose 5*a - 156*v - 52633 = -152*v, 42128 = 4*a + 4*v. What are the prime factors of a?
10529
Let h(b) be the third derivative of b**5/60 - b**3 + 2*b**2 + 16*b. Let g(i) = i**3 - 10*i**2 - 7. Let u be g(10). List the prime factors of h(u).
43
Let l = -47947 - -101405. What are the prime factors of l?
2, 26729
Let p be ((-168)/(-32) - 7)*(-56)/1. Let a = -91 + p. Let w(z) = 4*z**2 - 9*z + 20. List the prime factors of w(a).
3, 17
Suppose 2*a - 24 = -40, a - 32215 = -c. What are the prime factors of c?
3, 23, 467
Suppose -3*u + 22729 = 5*g, 0 = -6*g + g + 5*u + 22705. List the prime factors of g.
2, 71
Suppose -6554026 = -344*p + 5143350. What are the prime factors of p?
2, 8501
Let a be (-1532)/10*(27/(-18) + -1). Suppose 2*n = 489 + a. Suppose -39*j = -35*j - n. What are the prime factors of j?
109
Let n be 1762*(-15*4/(-24) - 3). Let t = 1612 + n. What are the prime factors of t?
17, 43
Suppose o - 9 = 3. Suppose -4*h = -o*h + 40. Suppose -h*p + 365 = 4*b, 3*p = -11 + 2. What are the prime factors of b?
5, 19
Let i be 3 - (31545/(-75) + (-4)/10). Suppose -z + 3 = 2*h - 4, -5*z = 3*h - 21. Suppose -6*j = -h*j - i. List the prime factors of j.
2, 53
Let g = 16339 + -9337. What are the prime factors of g?
2, 3, 389
Let r(h) be the third derivative of -h**6/120 - 27*h**2. Let p(w) = 3*w**3 - 5*w**2 + 4*w + 5. Let v(m) = p(m) + 4*r(m). What are the prime factors of v(-8)?
3, 5, 11
Let t(s) = 32*s + 4. Let c = 11 - 5. Let m be t(c). Suppose -m - 36 = -4*p. What are the prime factors of p?
2, 29
Let d(k) = -k**3 - 20*k**2 - 5*k + 25558. What are the prime factors of d(0)?
2, 13, 983
Suppose 0 = 5*t - 2*c - 21951, 4*t + 3*c - 10865 = 6705. What are the prime factors of t?
4391
Let w = 5759 + -3580. What are the prime factors of w?
2179
Suppose -48*i = -151275 - 1330053. List the prime factors of i.
3, 127
Suppose 9 = -3*q, -2406 = -5*w + 2*q - 5*q. Let d = w + -293. What are the prime factors of d?
2, 5, 19
Suppose -x - 8 = -3*x + 4*j, -4*x - 2*j = -46. Let z(l) = 32*l + 108. What are the prime factors of z(x)?
2, 107
Suppose -13*o - 2*o + 30 = 0. Suppose -6*q = -11*q - o*k + 2175, 4*q - 1740 = -2*k. List the prime factors of q.
3, 5, 29
Suppose 2*j = -3*g - 8 + 27, -j + g - 3 = 0. Suppose j*a + 4*c = 46, 58 = 3*a - 4*c - c. List the prime factors of a.
3, 7
Suppose -3855579 - 8724471 = -210*p. What are the prime factors of p?
5, 11981
Suppose -3*x = 2*r - 372, -2*x + 44 = -r + 237. Suppose r + 171 = h. Suppose -h = -7*v + 5*v. List the prime factors of v.
2, 3, 5
Suppose -59*z + 13359 + 32444 = -571. List the prime factors of z.
2, 3, 131
Suppose 0 = -2*s + 9*r - 5*r + 35922, -3*s + 2*r = -53899. What are the prime factors of s?
7, 17, 151
Suppose 107*o - 109*o = 126. What are the prime factors of (-390125)/(-525) + 6/o?
743
Let q(b) = 6*b + 25*b**2 - b**3 - 803 + 746 + b. What are the prime factors of q(24)?
3, 229
Let h be -1*(-35)/10*(-36)/(-21). Suppose h = -0*u + 2*u. Suppose -2*q = 2*f - 16, -u*q + 0*q = 0. What are the prime factors of f?
2
Let f(a) = -a**3 - 12*a**2 - 8*a - 4. Let v be f(-11). Let r = -89 - v. Let d = r - -88. What are the prime factors of d?
2, 3
Let n = 23372 + -10665. List the prime factors of n.
97, 131
List the prime factors of (-33350)/(-100)*(-299 + -1)/(-6).
5, 23, 29
Let v(a) = -84*a**3 - 3*a**2 - 2*a + 1. Let y be v(-2). Let q be (-4)/(-5)*y/14. List the prime factors of 261/2 - 19/q.
2, 5, 13
List the prime factors of (-837105)/(-20) - 19/76.
5, 11, 761
Suppose 2*l - 48337 = 3*p, l - 7603 - 16569 = p. List the prime factors of l.
24179
Let m(t) = -68*t + 18. Let h(f) = f**2 - 2*f - 8. Let q be h(3). What are the prime factors of m(q)?
2, 179
Suppose h + 165 = 6*h. Let u(z) = -2*z**2 + 78*z - 80. What are the prime factors of u(h)?
2, 79
Let t be 5/((-10)/(-6))*-37. Let h = t - -112. List the prime factors of (h - -10)*(23 + -11